 38. Calculate the remainder when d is divided by 26.
10
Let n(y) = y**3 + 11*y**2 - 14*y - 6. Let c be (-1148)/21 - 4/(-6). Let r = -1 - c. What is the remainder when r is divided by n(-12)?
17
Let v(i) = i + 9. Let n = -12 + 14. Let k(p) = 18*p + 1. What is the remainder when k(n) is divided by v(4)?
11
Let d be (-3 - 0) + (-4)/(-4 + 2). Let x = d - -13. Suppose -n + 5*h - 6 = -1, h - 7 = -n. Calculate the remainder when x is divided by n.
2
Suppose 4*r = 4*y - 3*y + 44, -5*y + 20 = 0. Suppose -4*p = g + 3*g + r, -2*g - 12 = -4*p. Calculate the remainder when 28 is divided by 12*1 + g/1.
4
Let h(z) be the second derivative of -5*z**3/3 + z**2/2 + z. Suppose 0 = -152*s - 253 + 1317. What is the remainder when h(-1) is divided by s?
4
Let b be 1/(-5) - 2574/30. Let f = b + 152. Let r = -40 + f. What is the remainder when 101 is divided by r?
23
Suppose 3 = d, -17*v + 4*d = -14*v - 54. Calculate the remainder when v is divided by 16.
6
Suppose 3*y = h - 5 - 14, -2*h - 5*y = 17. Suppose -h*q = -44 - 756. Calculate the remainder when q is divided by 29.
26
Let o = 177 - 121. Calculate the remainder when o is divided by 12.
8
Suppose 0 = 28*k - 26*k - 2*t - 82, -4*k + t = -164. What is the remainder when 199 is divided by k?
35
Suppose -270 = -5*s - 5*s. What is the remainder when s is divided by 15?
12
Suppose -3*d + 12 = -2*l, -16*d - 3*l - 1 = -12*d. What is the remainder when d is divided by 2 - 0/(1 + -3)?
0
What is the remainder when 166 is divided by 4 + 27 + 9/(-3)?
26
Suppose -z + j = 3*z - 74, 0 = -3*z - 5*j + 44. Suppose -7*x = -z + 88. Let h = 24 + x. Calculate the remainder when 53 is divided by h.
11
Let l = 36 + 1. Suppose -5 = -3*j - 5*w, w + w + 20 = j. Suppose -9*g + 10*g - j = 0. What is the remainder when l is divided by g?
7
Let j(d) = -2*d - 39*d**3 + d**2 + 0*d**2 + 4*d - 102*d**3. What is the remainder when j(-1) is divided by 49?
42
Suppose 17 = 5*c + 2. Suppose -4*q + q + 2*g + 19 = 0, 35 = c*q + 2*g. Suppose -2*u + 140 = 2*u. What is the remainder when u is divided by q?
8
Let o be 4/16 - (-638)/8. Let v be ((-88)/32)/((-1)/20). Let l = o - v. What is the remainder when l is divided by 7?
4
Suppose 3*g - 5*p = 22, 20 = -g + 4*g - 4*p. Suppose g*c + 1017 = 13*c. Suppose -2*j = 12 - 70. Calculate the remainder when c is divided by j.
26
Suppose 6*n - 1122 = -16*n. Calculate the remainder when n is divided by 18.
15
Suppose 2*z - 4*z + 8 = 0. Suppose c = -4*y + 12, z*y - 11 = 2*c + 13. Calculate the remainder when 19 is divided by y.
3
Let j(n) = -18*n + 4. Let k be j(-4). Let b = 48 + -48. Suppose -4*x + 0*l - l = -k, b = -x - 5*l + 19. Calculate the remainder when x is divided by 7.
5
Suppose 32*d + 364 = 428. Let a(g) = 2*g**3 - g**3 + 2*g**2 + 0*g**2 - g. Calculate the remainder when a(1) is divided by d.
0
Let r = -338 + 492. Calculate the remainder when r is divided by 13.
11
Suppose 5*o + 18 = 433. What is the remainder when o is divided by 6?
5
What is the remainder when (-438)/(-5)*65/26 + 0 is divided by 55?
54
Calculate the remainder when (-213)/(0 - 5/15) is divided by 64.
63
Let s(c) = -305*c - 22. Calculate the remainder when s(-1) is divided by 71.
70
Let v(b) = -9*b + 36. What is the remainder when v(-11) is divided by 23?
20
Suppose 0 = d + 4*d - 30. Suppose -3*h + 50 = -o, o - 10 = h + d*o. Calculate the remainder when (-289)/(-5) + (-4)/(-20) is divided by h.
13
Let c be (-118)/(-4)*(-2 + 4). Calculate the remainder when 6/(-3) + (c - (-1)/(-1)) is divided by 29.
27
Calculate the remainder when 12/(-42) + 3189/42*10 is divided by 20.
19
Suppose -6*z = -4585 + 3391. What is the remainder when z is divided by 20?
19
Let z(s) = s**2 - 4*s + 18. Let t be z(9). Suppose 3*v = t + 3. Suppose u = -0 + 8. What is the remainder when v is divided by u?
6
Let n(m) = 2*m**2 + 6*m + 21. Suppose f - 5 = 0, -2*s + 9 = -3*s + 3*f. Calculate the remainder when n(-2) is divided by s.
5
Suppose 4*p - 4*k = 88, 4*p - 2*k = -4*k + 106. What is the remainder when 472 is divided by p?
22
Let v(p) = -p**3 - 6*p**2 + 4*p - 9. Let x be v(-7). Let r be ((-18)/x)/((-6)/4). Let u = r + 25. What is the remainder when u is divided by 9?
8
Let f be 1 + 6 - (3 - 1). Suppose -2*q + 14 + 28 = 4*n, -f*q + 2*n = -93. Let t(r) = r**2 + 7*r - 4. Calculate the remainder when t(6) is divided by q.
17
Suppose -5*z + d - 64 = -170, 2*z + 2*d - 40 = 0. Suppose 2*l - 7 = 5. Suppose -26 = -4*b + l. What is the remainder when z is divided by b?
5
Let z(x) = x**2 - 24*x - 207. Calculate the remainder when z(35) is divided by 89.
0
Suppose 5*b - 336 = -3*c - 39, -4*b = -5*c - 245. What is the remainder when b is divided by 36?
24
Suppose 4*u = -4*u + 584. What is the remainder when u is divided by 17?
5
Let b be (-16)/12 - 16/(-12). Let q be -5 + 0 - (b + 4). Calculate the remainder when 8 + q + (-2 - -21) is divided by 11.
7
Let s = 9 - -5. Let z = 26 - s. Let a(w) = w**2 + 6*w - 9. What is the remainder when a(5) is divided by z?
10
Let m be ((-186)/(-3) + -3)/1. Suppose -6*r - m = -7*r. What is the remainder when r is divided by 30?
29
Suppose 5*k - 399 = 3*s, k - 3*k - 2*s + 150 = 0. What is the remainder when k is divided by 16?
14
Let k(u) = 2*u**3 + 34*u**2 - 9*u - 43. Calculate the remainder when k(-17) is divided by 24.
14
Let r(s) = 5*s - 1. Let u = 45 - 30. What is the remainder when u is divided by r(2)?
6
Suppose 0 = -10*i + 1819 + 371. What is the remainder when i is divided by 21?
9
Let i be (-27)/6*(21 - 25). Let u = -11 + 8. Calculate the remainder when 15 is divided by i/3 + 0 - u.
6
Suppose 4*p + 2*w - 66 = 0, 2*w + 2*w = -3*p + 62. Suppose -5*b = -22 - 68. Let v = p + b. Calculate the remainder when v is divided by 11.
10
Let h(y) = 20*y + 2. Let d be h(-5). Let r = d - -167. Suppose 61 = 5*a - 4*m, -6*a + r = -a + 4*m. Calculate the remainder when 25 is divided by a.
12
Calculate the remainder when 327/9 - 12/(-18) is divided by 5.
2
Let k(m) = -21 + 2*m + 5*m**3 - 7*m**3 - 7*m**2 + m**3 + 7. Calculate the remainder when 235 is divided by k(-8).
31
What is the remainder when -1*13/((-52)/184) is divided by 39?
7
Let c = 578 - 471. Calculate the remainder when c is divided by 51.
5
Suppose 16*u - 42 = 9*u. Suppose u*q - 323 = 145. Calculate the remainder when q is divided by 27.
24
Let q(z) = -2*z - 10. Let k be q(-17). Suppose 2*h - 6*h = -k. What is the remainder when 11 is divided by h?
5
Let j = 71 - 67. Suppose -2*x = j + 6, 2*x + 85 = 5*s. What is the remainder when 28 is divided by s?
13
Let o = -50 + 48. Calculate the remainder when 37 is divided by (o/(-5))/((-6)/(-300)).
17
Let z = -911 - -926. Calculate the remainder when 342 is divided by z.
12
Let s = -4 + 6. Suppose v - 9 = -2*v. Suppose 0 = -k + 2 + v. What is the remainder when k is divided by s?
1
Let w(q) = 9 + 1 + 4*q**2 - 14. Let x(d) = d**2 - 4. What is the remainder when w(-2) is divided by x(3)?
2
Suppose -162*j + 153*j = -657. Let f(o) = 14*o**2 + 1. Let i be f(2). Suppose i = 4*p - p. Calculate the remainder when j is divided by p.
16
Suppose 0 = -3*j + j - 16. Let y be 18/j*736/(-12). Suppose 6*f - 144 - y = 0. What is the remainder when f is divided by 25?
22
Suppose -2*r = 3*r + 25, 3*r = p - 18. Suppose -3*s - 31 = -y, -4*y + 121 = 3*s - p. Calculate the remainder when 59 is divided by y.
28
Let v be ((-70)/6)/((-4)/(-12)). Let p = -14 - v. What is the remainder when 4/(-2) + 126/2 is divided by p?
19
Let n be (-34)/(-3)*81/6. Let v = n - 107. Let z = -3 - -15. Calculate the remainder when v is divided by z.
10
Let s = -2 + 2. Suppose 0 = -4*t - s + 24. Let b(f) = -4*f - 3. Calculate the remainder when b(-3) is divided by t.
3
Let a = 270 + -209. Calculate the remainder when 120 is divided by a.
59
Let a(f) = f**2 + 7*f + 2. Let k be a(-6). What is the remainder when 66 is divided by (-1)/((12/k)/69)?
20
Let u(m) = -15*m + 261. Calculate the remainder when u(12) is divided by 5.
1
Let u be (0 - -12) + (-3 - -7). Suppose -u = -4*g + 3*t, g + 6*t = 2*t - 15. Calculate the remainder when g/(0 - 2/(-172)) is divided by 22.
20
Let t(c) = 2*c - 44. Let j be t(24). Suppose -s = -j - 5. Let k = 14 + -9. What is the remainder when s is divided by k?
4
Let y(p) = -3*p**3 + 2*p**2 + 5*p + 2. Suppose 0 = g - r - 51, -2*r + 77 = g + 14. Let s = g + -33. What is th